prime factors of 57599.
239, 241
What are the prime factors of 2447?
2447
List the prime factors of 101165.
5, 20233
What are the prime factors of 1286?
2, 643
What are the prime factors of 2551?
2551
What are the prime factors of 3842?
2, 17, 113
What are the prime factors of 520?
2, 5, 13
List the prime factors of 681.
3, 227
What are the prime factors of 66?
2, 3, 11
List the prime factors of 4763.
11, 433
What are the prime factors of 18621?
3, 2069
List the prime factors of 687.
3, 229
List the prime factors of 87466.
2, 101, 433
What are the prime factors of 25037?
25037
List the prime factors of 899.
29, 31
List the prime factors of 536.
2, 67
List the prime factors of 108675.
3, 5, 7, 23
What are the prime factors of 688?
2, 43
List the prime factors of 2044.
2, 7, 73
What are the prime factors of 990?
2, 3, 5, 11
List the prime factors of 1958.
2, 11, 89
What are the prime factors of 11018?
2, 7, 787
What are the prime factors of 31656?
2, 3, 1319
List the prime factors of 106770.
2, 3, 5, 3559
What are the prime factors of 676?
2, 13
List the prime factors of 60066.
2, 3, 47, 71
List the prime factors of 806.
2, 13, 31
List the prime factors of 1315.
5, 263
List the prime factors of 84806.
2, 42403
What are the prime factors of 1216?
2, 19
List the prime factors of 3111.
3, 17, 61
What are the prime factors of 9448?
2, 1181
List the prime factors of 1269.
3, 47
What are the prime factors of 84984?
2, 3, 3541
List the prime factors of 11850.
2, 3, 5, 79
List the prime factors of 14819.
7, 29, 73
What are the prime factors of 1117?
1117
List the prime factors of 3301.
3301
What are the prime factors of 35507?
35507
List the prime factors of 333.
3, 37
List the prime factors of 21860.
2, 5, 1093
List the prime factors of 25530.
2, 3, 5, 23, 37
What are the prime factors of 4960?
2, 5, 31
What are the prime factors of 23007?
3, 7669
List the prime factors of 1040.
2, 5, 13
List the prime factors of 79431.
3, 11, 29, 83
List the prime factors of 46053.
3, 7, 17, 43
List the prime factors of 14595.
3, 5, 7, 139
List the prime factors of 2476.
2, 619
What are the prime factors of 1713?
3, 571
List the prime factors of 1187.
1187
List the prime factors of 846.
2, 3, 47
List the prime factors of 78757.
7, 11251
List the prime factors of 376.
2, 47
What are the prime factors of 2219?
7, 317
List the prime factors of 6671.
7, 953
What are the prime factors of 1041?
3, 347
List the prime factors of 677.
677
List the prime factors of 14741.
14741
List the prime factors of 20634.
2, 3, 19, 181
List the prime factors of 1831.
1831
List the prime factors of 4315.
5, 863
What are the prime factors of 1866?
2, 3, 311
What are the prime factors of 34525?
5, 1381
What are the prime factors of 6032?
2, 13, 29
List the prime factors of 2959.
11, 269
List the prime factors of 95.
5, 19
List the prime factors of 37207.
29, 1283
What are the prime factors of 65328?
2, 3, 1361
List the prime factors of 3419.
13, 263
What are the prime factors of 1943?
29, 67
List the prime factors of 2924.
2, 17, 43
List the prime factors of 36.
2, 3
What are the prime factors of 809?
809
What are the prime factors of 393?
3, 131
What are the prime factors of 3001?
3001
What are the prime factors of 13397?
13397
What are the prime factors of 4292?
2, 29, 37
What are the prime factors of 25074?
2, 3, 7, 199
What are the prime factors of 54548?
2, 13, 1049
What are the prime factors of 881?
881
What are the prime factors of 1011?
3, 337
What are the prime factors of 7398?
2, 3, 137
What are the prime factors of 8250?
2, 3, 5, 11
List the prime factors of 12378.
2, 3, 2063
List the prime factors of 4509.
3, 167
List the prime factors of 16135.
5, 7, 461
What are the prime factors of 4459?
7, 13
List the prime factors of 1308.
2, 3, 109
List the prime factors of 2326.
2, 1163
List the prime factors of 6386.
2, 31, 103
What are the prime factors of 26133?
3, 31, 281
What are the prime factors of 2267?
2267
List the prime factors of 11698.
2, 5849
What are the prime factors of 73513?
11, 41, 163
List the prime factors of 7244.
2, 1811
List the prime factors of 15058.
2, 7529
List the prime factors of 3394.
2, 1697
What are the prime factors of 7205?
5, 11, 131
What are the prime factors of 1201?
1201
What are the prime factors of 2254?
2, 7, 23
List the prime factors of 5405.
5, 23, 47
What are the prime factors of 27995?
5, 11, 509
What are the prime factors of 5817?
3, 7, 277
What are the prime factors of 73550?
2, 5, 1471
What are the prime factors of 138309?
3, 46103
List the prime factors of 146890.
2, 5, 37, 397
List the prime factors of 51326.
2, 11, 2333
What are the prime factors of 10199?
7, 31, 47
List the prime factors of 23815.
5, 11, 433
List the prime factors of 3736.
2, 467
List the prime factors of 1266.
2, 3, 211
List the prime factors of 65.
5, 13
List the prime factors of 4202.
2, 11, 191
List the prime factors of 67889.
29, 2341
What are the prime factors of 752?
2, 47
What are the prime factors of 1104?
2, 3, 23
What are the prime factors of 941?
941
List the prime factors of 3881.
3881
List the prime factors of 9955.
5, 11, 181
List the prime factors of 28116.
2, 3, 11, 71
What are the prime factors of 4856?
2, 607
List the prime factors of 5142.
2, 3, 857
What are the prime factors of 394?
2, 197
What are the prime factors of 27740?
2, 5, 19, 73
What are the prime factors of 37136?
2, 11, 211
What are the prime factors of 13289?
97, 137
What are the prime factors of 5744?
2, 359
What are the prime factors of 3560?
2, 5, 89
What are the prime factors of 281?
281
What are the prime factors of 7579?
11, 13, 53
What are the prime factors of 5146?
2, 31, 83
What are the prime factors of 3037?
3037
List the prime factors of 2740.
2, 5, 137
What are the prime factors of 3219?
3, 29, 37
List the prime factors of 20751.
3, 6917
List the prime factors of 5526.
2, 3, 307
List the prime factors of 5879.
5879
List the prime factors of 829.
829
List the prime factors of 250.
2, 5
What are the prime factors of 74?
2, 37
List the prime factors of 59453.
59453
List the prime factors of 696.
2, 3, 29
List the prime factors of 407.
11, 37
What are the prime factors of 1629?
3, 181
What are the prime factors of 89464?
2, 53, 211
What are the prime factors of 2419?
41, 59
What are the prime factors of 11699?
11699
List the prime factors of 107045.
5, 79, 271
What are the prime factors of 162?
2, 3
List the prime factors of 734.
2, 367
List the prime factors of 14884.
2, 61
List the prime factors of 39490.
2, 5, 11, 359
What are the prime factors of 4496?
2, 281
List the prime factors of 23438.
2, 11719
What are the prime factors of 16000?
2, 5
What are the prime factors of 4846?
2, 2423
List the prime factors of 4335.
3, 5, 17
What are the prime factors of 18430?
2, 5, 19, 97
What are the prime factors of 12916?
2, 3229
List the prime factors of 1322.
2, 661
What are the prime factors of 3722?
2, 1861
List the prime factors of 2810.
2, 5, 281
What are the prime factors of 40247?
167, 241
List the prime factors of 136182.
2, 3, 22697
What are the prime factors of 13895?
5, 7, 397
List the prime factors of 44.
2, 11
List the prime factors of 2475.
3, 5, 11
List the prime factors of 920.
2, 5, 23
What are the prime factors of 163754?
2, 41, 1997
List the prime factors of 8740.
2, 5, 19, 23
List the prime factors of 19140.
2, 3, 5, 11, 29
What are the prime factors of 6759?
3, 751
List the prime factors of 47643.
3, 15881
What are the prime factors of 615?
3, 5, 41
List the prime factors of 11029.
41, 269
What are the prime factors of 7986?
2, 3, 11
List the prime factors of 63466.
2, 13, 2441
List the prime factors of 11888.
2, 743
List the prime factors of 49109.
49109
What are the prime factors of 116122?
2, 58061
List the prime factors of 80760.
2, 3, 5, 673
List the prime factors of 2500.
2, 5
What are the prime factors of 42478?
2, 67, 317
What are the prime factors of 9312?
2, 3, 97
What are the prime factors of 2668?
2, 23, 29
What are the prime factors of 7325?
5, 293
List the prime factors of 5281.
5281
List the prime factors of 91923.
3, 13, 2357
List the prime factors of 237.
3, 79
List the prime factors of 23607.
3, 43, 61
List the prime factors of 10691.
10691
Lis